{"id":6,"date":"2020-01-25T16:34:08","date_gmt":"2020-01-25T16:34:08","guid":{"rendered":"https:\/\/rocheforttransport.com\/?page_id=6"},"modified":"2021-06-29T17:50:16","modified_gmt":"2021-06-29T17:50:16","slug":"le-nouveau-umoma-ouvre-ses-portes-2","status":"publish","type":"page","link":"https:\/\/rocheforttransport.com\/","title":{"rendered":"Le service que vous m\u00e9ritez"},"content":{"rendered":"\n<div class=\"wp-block-group alignwide\"><div class=\"wp-block-group__inner-container is-layout-flow wp-block-group-is-layout-flow\">\n<h2 class=\"has-text-align-center has-text-color wp-block-heading\" style=\"color:#38468d\"> <strong>Flexibilit\u00e9 et qualit\u00e9 du service, tel est la promesse de <\/strong><br><strong>Rochefort Transport.<\/strong> <\/h2>\n<\/div><\/div>\n\n\n\n<div class=\"wp-block-columns alignwide is-layout-flex wp-container-core-columns-is-layout-9d6595d7 wp-block-columns-is-layout-flex\">\n<div class=\"wp-block-column is-layout-flow wp-block-column-is-layout-flow\">\n<div class=\"wp-block-group\"><div class=\"wp-block-group__inner-container is-layout-flow wp-block-group-is-layout-flow\">\n<figure class=\"wp-block-image alignwide size-large\"><img loading=\"lazy\" decoding=\"async\" width=\"1024\" height=\"576\" src=\"https:\/\/rocheforttransport.com\/wp-content\/uploads\/2020\/04\/rsz_dsc09220_v2-1024x576.jpg\" alt=\"\" class=\"wp-image-38\" srcset=\"https:\/\/rocheforttransport.com\/wp-content\/uploads\/2020\/04\/rsz_dsc09220_v2-1024x576.jpg 1024w, https:\/\/rocheforttransport.com\/wp-content\/uploads\/2020\/04\/rsz_dsc09220_v2-300x169.jpg 300w, https:\/\/rocheforttransport.com\/wp-content\/uploads\/2020\/04\/rsz_dsc09220_v2-768x432.jpg 768w, https:\/\/rocheforttransport.com\/wp-content\/uploads\/2020\/04\/rsz_dsc09220_v2-1536x864.jpg 1536w, https:\/\/rocheforttransport.com\/wp-content\/uploads\/2020\/04\/rsz_dsc09220_v2-2048x1152.jpg 2048w, https:\/\/rocheforttransport.com\/wp-content\/uploads\/2020\/04\/rsz_dsc09220_v2-1200x675.jpg 1200w, https:\/\/rocheforttransport.com\/wp-content\/uploads\/2020\/04\/rsz_dsc09220_v2-1980x1114.jpg 1980w\" sizes=\"auto, (max-width: 1024px) 100vw, 1024px\" \/><\/figure>\n\n\n\n<div class=\"wp-block-button aligncenter is-style-outline is-style-outline--1\"><a class=\"wp-block-button__link has-text-color\" href=\"#a-propos\" style=\"color:#38468d\">\u00c0 Propos<\/a><\/div>\n\n\n\n<p><\/p>\n<\/div><\/div>\n\n\n\n<div class=\"wp-block-group\"><div class=\"wp-block-group__inner-container is-layout-flow wp-block-group-is-layout-flow\">\n<div style=\"height:58px\" aria-hidden=\"true\" class=\"wp-block-spacer\"><\/div>\n\n\n\n<figure class=\"wp-block-image alignfull size-large\"><img loading=\"lazy\" decoding=\"async\" width=\"1024\" height=\"576\" src=\"https:\/\/rocheforttransport.com\/wp-content\/uploads\/2020\/04\/rsz_dsc09282-1024x576.jpg\" alt=\"\" class=\"wp-image-40\" srcset=\"https:\/\/rocheforttransport.com\/wp-content\/uploads\/2020\/04\/rsz_dsc09282-1024x576.jpg 1024w, https:\/\/rocheforttransport.com\/wp-content\/uploads\/2020\/04\/rsz_dsc09282-300x169.jpg 300w, https:\/\/rocheforttransport.com\/wp-content\/uploads\/2020\/04\/rsz_dsc09282-768x432.jpg 768w, https:\/\/rocheforttransport.com\/wp-content\/uploads\/2020\/04\/rsz_dsc09282-1536x864.jpg 1536w, https:\/\/rocheforttransport.com\/wp-content\/uploads\/2020\/04\/rsz_dsc09282-2048x1152.jpg 2048w, https:\/\/rocheforttransport.com\/wp-content\/uploads\/2020\/04\/rsz_dsc09282-1200x675.jpg 1200w, https:\/\/rocheforttransport.com\/wp-content\/uploads\/2020\/04\/rsz_dsc09282-1980x1114.jpg 1980w\" sizes=\"auto, (max-width: 1024px) 100vw, 1024px\" \/><\/figure>\n\n\n\n<div class=\"wp-block-button aligncenter is-style-outline is-style-outline--2\"><a class=\"wp-block-button__link has-text-color\" href=\"https:\/\/rocheforttransport.com\/?page_id=8\" style=\"color:#38468d\">Nous joindre<\/a><\/div>\n<\/div><\/div>\n<\/div>\n\n\n\n<div class=\"wp-block-column is-layout-flow wp-block-column-is-layout-flow\">\n<div style=\"height:225px\" aria-hidden=\"true\" class=\"wp-block-spacer\"><\/div>\n\n\n\n<div class=\"wp-block-group\"><div class=\"wp-block-group__inner-container is-layout-flow wp-block-group-is-layout-flow\">\n<figure class=\"wp-block-image alignfull size-large\"><img loading=\"lazy\" decoding=\"async\" width=\"1024\" height=\"576\" src=\"https:\/\/rocheforttransport.com\/wp-content\/uploads\/2020\/04\/rsz_dsc09243_v2-1024x576.jpg\" alt=\"\" class=\"wp-image-94\" srcset=\"https:\/\/rocheforttransport.com\/wp-content\/uploads\/2020\/04\/rsz_dsc09243_v2-1024x576.jpg 1024w, https:\/\/rocheforttransport.com\/wp-content\/uploads\/2020\/04\/rsz_dsc09243_v2-300x169.jpg 300w, https:\/\/rocheforttransport.com\/wp-content\/uploads\/2020\/04\/rsz_dsc09243_v2-768x432.jpg 768w, https:\/\/rocheforttransport.com\/wp-content\/uploads\/2020\/04\/rsz_dsc09243_v2-1536x864.jpg 1536w, https:\/\/rocheforttransport.com\/wp-content\/uploads\/2020\/04\/rsz_dsc09243_v2-2048x1152.jpg 2048w, https:\/\/rocheforttransport.com\/wp-content\/uploads\/2020\/04\/rsz_dsc09243_v2-1200x675.jpg 1200w\" sizes=\"auto, (max-width: 1024px) 100vw, 1024px\" \/><\/figure>\n\n\n\n<div class=\"wp-block-button aligncenter is-style-outline is-style-outline--3\"><a class=\"wp-block-button__link has-text-color\" href=\"https:\/\/rocheforttransport.com\/?page_id=2\" style=\"color:#38468d\"> DOMAINES DE SERVICE <\/a><\/div>\n<\/div><\/div>\n\n\n\n<div class=\"wp-block-group\"><div class=\"wp-block-group__inner-container is-layout-flow wp-block-group-is-layout-flow\">\n<div style=\"height:58px\" aria-hidden=\"true\" class=\"wp-block-spacer\"><\/div>\n\n\n\n<div class=\"wp-block-image\"><figure class=\"aligncenter size-large\"><img loading=\"lazy\" decoding=\"async\" width=\"1024\" height=\"948\" src=\"https:\/\/rocheforttransport.com\/wp-content\/uploads\/2020\/04\/rsz_2dsc09231-1024x948.jpg\" alt=\"\" class=\"wp-image-49\" srcset=\"https:\/\/rocheforttransport.com\/wp-content\/uploads\/2020\/04\/rsz_2dsc09231-1024x948.jpg 1024w, https:\/\/rocheforttransport.com\/wp-content\/uploads\/2020\/04\/rsz_2dsc09231-300x278.jpg 300w, https:\/\/rocheforttransport.com\/wp-content\/uploads\/2020\/04\/rsz_2dsc09231-768x711.jpg 768w, https:\/\/rocheforttransport.com\/wp-content\/uploads\/2020\/04\/rsz_2dsc09231-1536x1422.jpg 1536w, https:\/\/rocheforttransport.com\/wp-content\/uploads\/2020\/04\/rsz_2dsc09231-2048x1896.jpg 2048w, https:\/\/rocheforttransport.com\/wp-content\/uploads\/2020\/04\/rsz_2dsc09231-1200x1111.jpg 1200w, https:\/\/rocheforttransport.com\/wp-content\/uploads\/2020\/04\/rsz_2dsc09231-1980x1833.jpg 1980w\" sizes=\"auto, (max-width: 1024px) 100vw, 1024px\" \/><\/figure><\/div>\n\n\n\n<div class=\"wp-block-button aligncenter is-style-outline is-style-outline--4\"><a class=\"wp-block-button__link has-text-color\" href=\"https:\/\/rocheforttransport.com\/?page_id=60\" style=\"color:#38468d\">surcharge de carburant<\/a><\/div>\n<\/div><\/div>\n<\/div>\n<\/div>\n\n\n\n<figure class=\"wp-block-image alignwide size-large\"><img loading=\"lazy\" decoding=\"async\" width=\"1024\" height=\"576\" src=\"https:\/\/rocheforttransport.com\/wp-content\/uploads\/2020\/04\/rsz_dsc09220_v2-1024x576.jpg\" alt=\"\" class=\"wp-image-38\" srcset=\"https:\/\/rocheforttransport.com\/wp-content\/uploads\/2020\/04\/rsz_dsc09220_v2-1024x576.jpg 1024w, https:\/\/rocheforttransport.com\/wp-content\/uploads\/2020\/04\/rsz_dsc09220_v2-300x169.jpg 300w, https:\/\/rocheforttransport.com\/wp-content\/uploads\/2020\/04\/rsz_dsc09220_v2-768x432.jpg 768w, https:\/\/rocheforttransport.com\/wp-content\/uploads\/2020\/04\/rsz_dsc09220_v2-1536x864.jpg 1536w, https:\/\/rocheforttransport.com\/wp-content\/uploads\/2020\/04\/rsz_dsc09220_v2-2048x1152.jpg 2048w, https:\/\/rocheforttransport.com\/wp-content\/uploads\/2020\/04\/rsz_dsc09220_v2-1200x675.jpg 1200w, https:\/\/rocheforttransport.com\/wp-content\/uploads\/2020\/04\/rsz_dsc09220_v2-1980x1114.jpg 1980w\" sizes=\"auto, (max-width: 1024px) 100vw, 1024px\" \/><\/figure>\n\n\n\n<div class=\"wp-block-group alignwide\"><div class=\"wp-block-group__inner-container is-layout-flow wp-block-group-is-layout-flow\">\n<h2 class=\"has-text-align-center has-text-color wp-block-heading\" id=\"a-propos\" style=\"color:#b5010c\"><br>\u00ab&nbsp;Le service, le service, le service.&nbsp;\u00bb<\/h2>\n<\/div><\/div>\n\n\n\n<p class=\"has-drop-cap\">Flexibilit\u00e9 et qualit\u00e9 du service, telle est la promesse de Rochefort Transport. Fort d&rsquo;une exp\u00e9rience de service de plus de 30 ans, la soci\u00e9t\u00e9 de transport g\u00e9n\u00e9ral a su, au fil des ann\u00e9es, se distinguer et satisfaire les exigences de chacun de ses clients.<\/p>\n\n\n\n<p>\u0152uvrant principalement aupr\u00e8s des secteurs de l&rsquo;alimentation, l&rsquo;alimentation animali\u00e8re et de l&rsquo;imprimerie, la soci\u00e9t\u00e9 dessert aussi de nombreux autres domaines commerciaux.<\/p>\n\n\n\n<p>Rapides et sympathiques, nous offrons des services professionnels de transport dans la grande r\u00e9gion M\u00e9tropolitaine, dans la r\u00e9gion de la Capitale-Nationale, en Beauce ainsi que la r\u00e9gion d&rsquo;Ottawa. Notre \u00e9quipe d&#8217;employ\u00e9s saura vous servir avec courtoisie et ponctualit\u00e9.<\/p>\n\n\n\n<p>Misez sur une \u00e9quipe qui saura r\u00e9pondre \u00e0 vos besoins!<\/p>\n","protected":false},"excerpt":{"rendered":"<p>Flexibilit\u00e9 et qualit\u00e9 du service, tel est la promesse de Rochefort Transport. \u00ab&nbsp;Le service, le service, le service.&nbsp;\u00bb Flexibilit\u00e9 et qualit\u00e9 du service, telle est la promesse de Rochefort Transport. Fort d&rsquo;une exp\u00e9rience de service de plus de 30 ans, la soci\u00e9t\u00e9 de transport g\u00e9n\u00e9ral a su, au fil des ann\u00e9es, se distinguer et satisfaire [&hellip;]<\/p>\n","protected":false},"author":1,"featured_media":31,"parent":0,"menu_order":0,"comment_status":"closed","ping_status":"closed","template":"","meta":{"footnotes":""},"class_list":["post-6","page","type-page","status-publish","has-post-thumbnail","hentry"],"_links":{"self":[{"href":"https:\/\/rocheforttransport.com\/index.php?rest_route=\/wp\/v2\/pages\/6","targetHints":{"allow":["GET"]}}],"collection":[{"href":"https:\/\/rocheforttransport.com\/index.php?rest_route=\/wp\/v2\/pages"}],"about":[{"href":"https:\/\/rocheforttransport.com\/index.php?rest_route=\/wp\/v2\/types\/page"}],"author":[{"embeddable":true,"href":"https:\/\/rocheforttransport.com\/index.php?rest_route=\/wp\/v2\/users\/1"}],"replies":[{"embeddable":true,"href":"https:\/\/rocheforttransport.com\/index.php?rest_route=%2Fwp%2Fv2%2Fcomments&post=6"}],"version-history":[{"count":12,"href":"https:\/\/rocheforttransport.com\/index.php?rest_route=\/wp\/v2\/pages\/6\/revisions"}],"predecessor-version":[{"id":109,"href":"https:\/\/rocheforttransport.com\/index.php?rest_route=\/wp\/v2\/pages\/6\/revisions\/109"}],"wp:featuredmedia":[{"embeddable":true,"href":"https:\/\/rocheforttransport.com\/index.php?rest_route=\/wp\/v2\/media\/31"}],"wp:attachment":[{"href":"https:\/\/rocheforttransport.com\/index.php?rest_route=%2Fwp%2Fv2%2Fmedia&parent=6"}],"curies":[{"name":"wp","href":"https:\/\/api.w.org\/{rel}","templated":true}]}}