{"id":2,"date":"2020-01-25T16:26:47","date_gmt":"2020-01-25T16:26:47","guid":{"rendered":"https:\/\/www.rocheforttransport.com\/?page_id=2"},"modified":"2020-10-23T18:10:30","modified_gmt":"2020-10-23T18:10:30","slug":"domaines-de-service","status":"publish","type":"page","link":"https:\/\/rocheforttransport.com\/?page_id=2","title":{"rendered":"Domaines de service"},"content":{"rendered":"\n<div class=\"wp-block-media-text alignwide\" style=\"grid-template-columns:38% auto\"><figure class=\"wp-block-media-text__media\"><img loading=\"lazy\" decoding=\"async\" width=\"777\" height=\"1024\" src=\"https:\/\/rocheforttransport.com\/wp-content\/uploads\/2020\/04\/rsz_dsc09249_v2-777x1024.jpg\" alt=\"\" class=\"wp-image-67\" srcset=\"https:\/\/rocheforttransport.com\/wp-content\/uploads\/2020\/04\/rsz_dsc09249_v2-777x1024.jpg 777w, https:\/\/rocheforttransport.com\/wp-content\/uploads\/2020\/04\/rsz_dsc09249_v2-228x300.jpg 228w, https:\/\/rocheforttransport.com\/wp-content\/uploads\/2020\/04\/rsz_dsc09249_v2-768x1012.jpg 768w, https:\/\/rocheforttransport.com\/wp-content\/uploads\/2020\/04\/rsz_dsc09249_v2-1165x1536.jpg 1165w, https:\/\/rocheforttransport.com\/wp-content\/uploads\/2020\/04\/rsz_dsc09249_v2-1554x2048.jpg 1554w, https:\/\/rocheforttransport.com\/wp-content\/uploads\/2020\/04\/rsz_dsc09249_v2-1200x1582.jpg 1200w, https:\/\/rocheforttransport.com\/wp-content\/uploads\/2020\/04\/rsz_dsc09249_v2-scaled.jpg 1942w\" sizes=\"auto, (max-width: 777px) 100vw, 777px\" \/><\/figure><div class=\"wp-block-media-text__content\">\n<h4 class=\"wp-block-heading\">Prise de rendez-vous<\/h4>\n\n\n\n<p> Vos clients ou fournisseurs exigent des rendez-vous ?<\/p>\n\n\n\n<p>Laissez-nous le soins d&rsquo;effectuer la prise de rendez-vous. En plus de respecter les heures convenues, cela vous permettra de vous concentrer sur d&rsquo;autres t\u00e2ches plus importantes. <\/p>\n\n\n\n<h4 class=\"wp-block-heading\">Livraison le m\u00eame jour<\/h4>\n\n\n\n<p> Vous avez une urgence ? Vous d\u00e9sirez planifier la r\u00e9ception de votre commande ?<\/p>\n\n\n\n<p>Nous assurons un service de ramassage et de livraison le m\u00eame jour. Que ce soit pour vous sauver d&rsquo;une situation f\u00e2cheuse ou pr\u00e9voir un manque de mati\u00e8re premi\u00e8re, nous pouvons vous servir le jour m\u00eame.<\/p>\n<\/div><\/div>\n\n\n\n<div class=\"wp-block-media-text alignwide has-media-on-the-right\" style=\"grid-template-columns:auto 38%\"><figure class=\"wp-block-media-text__media\"><img loading=\"lazy\" decoding=\"async\" width=\"1024\" height=\"576\" src=\"https:\/\/rocheforttransport.com\/wp-content\/uploads\/2020\/04\/rsz_dsc09243_v2-1024x576.jpg\" alt=\"\" class=\"wp-image-94\" srcset=\"https:\/\/rocheforttransport.com\/wp-content\/uploads\/2020\/04\/rsz_dsc09243_v2-1024x576.jpg 1024w, https:\/\/rocheforttransport.com\/wp-content\/uploads\/2020\/04\/rsz_dsc09243_v2-300x169.jpg 300w, https:\/\/rocheforttransport.com\/wp-content\/uploads\/2020\/04\/rsz_dsc09243_v2-768x432.jpg 768w, https:\/\/rocheforttransport.com\/wp-content\/uploads\/2020\/04\/rsz_dsc09243_v2-1536x864.jpg 1536w, https:\/\/rocheforttransport.com\/wp-content\/uploads\/2020\/04\/rsz_dsc09243_v2-2048x1152.jpg 2048w, https:\/\/rocheforttransport.com\/wp-content\/uploads\/2020\/04\/rsz_dsc09243_v2-1200x675.jpg 1200w\" sizes=\"auto, (max-width: 1024px) 100vw, 1024px\" \/><\/figure><div class=\"wp-block-media-text__content\">\n<h4 class=\"wp-block-heading\">Transport temp\u00e9r\u00e9<\/h4>\n\n\n\n<p> Votre transport doit \u00eatre effectu\u00e9 dans un  environnement temp\u00e9r\u00e9&nbsp;?<\/p>\n\n\n\n<p>Avec nos services de transport temp\u00e9r\u00e9  (r\u00e9frig\u00e9r\u00e9 ou chauff\u00e9),&nbsp;c\u2019est ce que nous offrons. Nous savons combien  il est important pour plusieurs types de cargaison de respecter la  temp\u00e9rature et c&rsquo;est avec plaisir que nous vous assurons ce service.  Appelez-nous pour plus d&rsquo;informations ou pour r\u00e9server. <\/p>\n<\/div><\/div>\n\n\n\n<div class=\"wp-block-media-text alignwide\" style=\"grid-template-columns:38% auto\"><figure class=\"wp-block-media-text__media\"><img decoding=\"async\" src=\"https:\/\/rocheforttransport.com\/wp-content\/uploads\/2020\/04\/rsz_dsc09258-6-683x1024.jpg\" alt=\"\" class=\"wp-image-36\"\/><\/figure><div class=\"wp-block-media-text__content\">\n<h4 class=\"wp-block-heading\">Mati\u00e8res dangereuses<\/h4>\n\n\n\n<p> Votre transport contient des mati\u00e8res dangereuses ?<\/p>\n\n\n\n<p>Nos employ\u00e9s d&rsquo;exp\u00e9rience sont form\u00e9s pour le transport de ces marchandises.  Appelez-nous pour plus d&rsquo;informations ou pour r\u00e9server. <\/p>\n<\/div><\/div>\n\n\n\n<p><\/p>\n","protected":false},"excerpt":{"rendered":"<p>Prise de rendez-vous Vos clients ou fournisseurs exigent des rendez-vous ? Laissez-nous le soins d&rsquo;effectuer la prise de rendez-vous. En plus de respecter les heures convenues, cela vous permettra de vous concentrer sur d&rsquo;autres t\u00e2ches plus importantes. Livraison le m\u00eame jour Vous avez une urgence ? Vous d\u00e9sirez planifier la r\u00e9ception de votre commande ? [&hellip;]<\/p>\n","protected":false},"author":1,"featured_media":0,"parent":0,"menu_order":0,"comment_status":"closed","ping_status":"closed","template":"","meta":{"footnotes":""},"class_list":["post-2","page","type-page","status-publish","hentry"],"_links":{"self":[{"href":"https:\/\/rocheforttransport.com\/index.php?rest_route=\/wp\/v2\/pages\/2","targetHints":{"allow":["GET"]}}],"collection":[{"href":"https:\/\/rocheforttransport.com\/index.php?rest_route=\/wp\/v2\/pages"}],"about":[{"href":"https:\/\/rocheforttransport.com\/index.php?rest_route=\/wp\/v2\/types\/page"}],"author":[{"embeddable":true,"href":"https:\/\/rocheforttransport.com\/index.php?rest_route=\/wp\/v2\/users\/1"}],"replies":[{"embeddable":true,"href":"https:\/\/rocheforttransport.com\/index.php?rest_route=%2Fwp%2Fv2%2Fcomments&post=2"}],"version-history":[{"count":7,"href":"https:\/\/rocheforttransport.com\/index.php?rest_route=\/wp\/v2\/pages\/2\/revisions"}],"predecessor-version":[{"id":101,"href":"https:\/\/rocheforttransport.com\/index.php?rest_route=\/wp\/v2\/pages\/2\/revisions\/101"}],"wp:attachment":[{"href":"https:\/\/rocheforttransport.com\/index.php?rest_route=%2Fwp%2Fv2%2Fmedia&parent=2"}],"curies":[{"name":"wp","href":"https:\/\/api.w.org\/{rel}","templated":true}]}}